 t. Is w a prime number?
False
Suppose 0*d - 7 = -d. Let t = d - 5. Is (t - 1)*1*89 a prime number?
True
Let j = -19717 + 27864. Is j prime?
True
Suppose -2*k + 5*k = 0. Let r(z) = z**3 - 5*z**2 + z - 1. Let d be r(5). Suppose -d*w + 5*w - 415 = k. Is w prime?
False
Is 0 - 0 - (-4 + 405*-1) composite?
False
Let s(z) = -31*z + 3. Suppose 12 = 5*c + 52. Is s(c) a prime number?
True
Let f(i) = 583*i**2 + 4*i + 4. Let v = 22 + -23. Is f(v) a prime number?
False
Let y(a) = -2*a + 9. Let h(u) = -u. Let o(j) = -3*h(j) + y(j). Let k be o(-4). Suppose k*q + 4*p - 2047 = 0, -5*p + 567 + 245 = 2*q. Is q a composite number?
True
Suppose 5*h - 22 = 3. Suppose q - p - 7 = 0, p - 5*p + 17 = h*q. Suppose q*y - 67 + 12 = 0. Is y a composite number?
False
Let j be 4/(-5)*(-100)/8. Let i be -7 + -1 + (j - 7). Let c(o) = -6*o + 7. Is c(i) a prime number?
True
Let a(h) = -5774*h**3 + 2*h**2 - 2*h + 1. Let x be a(1). Let c = 9330 + x. Is c prime?
True
Is (2 - -5927) + -1 - 5 a composite number?
False
Let u = -10 + 10. Suppose u = 5*q + f + 2*f - 3067, -4*q + 5*f + 2461 = 0. Is q a prime number?
False
Let u(x) = -5*x - 5. Let r(m) = 9*m + 9. Let t(b) = -3*r(b) - 5*u(b). Let s be t(-3). Is s/18 - (-5880)/27 prime?
False
Let i(s) = s**3 - 4*s**2 - 2. Let f be i(3). Let t = f + 21. Is ((-119)/4)/(t/(-40)) composite?
True
Let p(j) be the first derivative of -2*j**2 - 2*j + 1. Let t be p(-7). Let x = t - 4. Is x composite?
True
Suppose 0*f - 78 = -6*f. Let q(a) = 2*a**2 - 3*a + 8. Is q(f) prime?
True
Let h(c) be the first derivative of c**3/3 - c**2 + c - 3. Let o be h(-2). Is (824/(-12))/((-3)/o) a prime number?
False
Let j be (-1165)/(-15) + 7/(63/(-6)). Let v(y) = 3*y**3 + 5*y**2 + 4*y + 2. Let o be v(-3). Let p = o + j. Is p a composite number?
False
Let g = -22 + 143. Let v be (1/3)/(3/36). Suppose -y - 356 = -3*f, -f - v*y + g = -2*y. Is f composite?
True
Suppose -3*w - 2555 = 2*w - 5*p, -1024 = 2*w - p. Let r = 490 + -854. Let c = r - w. Is c composite?
False
Is -7 + (-317)/(-1) + -5 + 2 a prime number?
True
Let r = -2553 + 5267. Suppose -5*w + 6801 = -j, 0*j + r = 2*w - 2*j. Is w a prime number?
True
Suppose 12*f - 97427 + 26351 = 0. Is f a prime number?
True
Suppose w + 0*w = 2*g + 22, 0 = -4*w + 2*g + 76. Suppose 3*a - w = -0*a. Is (1110/(-12))/((-3)/a) a composite number?
True
Let r(i) = 14*i + 86. Let p be r(-6). Suppose 7496 = 3*l + l. Suppose -l = -m + 3*c, 6*c + 1871 = m + p*c. Is m a prime number?
False
Suppose 139*i - 151*i + 4980 = 0. Is i composite?
True
Let j be (288/20)/((-2)/(-115)). Let t be ((-8)/3)/((-3)/j). Suppose 3*v = -5*h + t, -3*h = -h - 2*v - 304. Is h a prime number?
True
Let q(g) = 20*g**2 - 21*g - 4. Let z be -4*(-1 - 0)*18/24. Is q(z) a composite number?
False
Let n = 112 + -107. Suppose n*x - 1902 = -x. Is x a composite number?
False
Let c be (8 + -3 - 3)*1078. Let s = 3666 - c. Suppose 2*y - 4*p - 750 = 0, 4*y + 3*p = p + s. Is y a composite number?
True
Let h = 55 - 23. Suppose -9268 = -36*f + h*f. Is f composite?
True
Suppose -3*c + 92 = -205. Let i = c + 500. Let u = i - 12. Is u composite?
False
Let a = 218 + -388. Let d = a - -517. Is d prime?
True
Let a(k) = 433*k - 65. Is a(6) composite?
True
Let g(d) = 15*d**3 + 2*d**2 + 7*d - 1. Let l(r) = -r**3 + r**2 + r. Let x(z) = g(z) - 4*l(z). Is x(2) composite?
False
Is (17403/(-4))/((-1218)/392 + 3) a composite number?
True
Suppose t - 28282 = -p, -5*p + 7*t = 10*t - 141412. Is p a prime number?
True
Suppose -22*k = -101*k + 593527. Is k prime?
False
Suppose -2456 = -n - 3*n. Is n prime?
False
Is (-244719)/12*8/(-48)*8 a prime number?
True
Let n(j) = 302*j + 9. Let l be n(2). Suppose -l - 202 = -5*r. Is r composite?
False
Is 2/(-7 + 5) + 12 + 7736 composite?
True
Let k be (6*(-2)/(-2))/(58/29). Suppose 4*s - 2174 = d - 259, 1434 = k*s - 3*d. Is s composite?
False
Suppose -29 - 67 = -6*v. Suppose 6*t = v*t - 13610. Is t a composite number?
False
Let r = 14242 - 7553. Is r prime?
True
Suppose 29*v - 24*v + 135 = 0. Let z = 73 + v. Is z prime?
False
Suppose t - 7625 + 1006 = 0. Is t prime?
True
Suppose -11 = -v + 5*n + 9, 3*v + 4*n + 35 = 0. Let z = -3 - v. Suppose 1329 = f + z*f. Is f a composite number?
False
Let c = 1602 - -555. Is c composite?
True
Let v(y) = 17*y**2 + 18*y - 121. Is v(-24) composite?
False
Let y(u) = -u - 7. Let i be y(0). Let l = i + 9. Suppose 3*m = l*m + 21. Is m prime?
False
Suppose 5*y + 9 = 3*h, 0 = -0*y - 2*y + 3*h - 9. Suppose 0*z - 46 = 5*z - 2*s, 2*s - 6 = 0. Is -22*20/z + y composite?
True
Let d(v) be the first derivative of v**2/2 + 11*v + 3. Let j be d(-6). Suppose 0*y + j*w = -4*y + 271, -3*y = 4*w - 203. Is y composite?
True
Suppose 0*m + 97 = m. Is m a prime number?
True
Suppose -131*u + 6696709 = -1889686. Is u a composite number?
True
Is (1033 + -5)/(-2)*(-34)/4 a composite number?
True
Let q(y) be the third derivative of 4*y**5/15 - y**4/12 - y**3/2 + 5*y**2. Let x be q(-2). Let h = x - 44. Is h a composite number?
True
Let y(h) = 11*h**3 + 4*h + 2. Let x be y(6). Suppose 0 = -3*d - i + 1431, 5*d + 0*i - 4*i - x = 0. Is d prime?
False
Let x(y) be the second derivative of 13*y**3/6 - 29*y**2 - 14*y. Is x(9) a prime number?
True
Let n be -2122*(-3)/(0 + 3). Let u = -1499 + n. Is u a prime number?
False
Let v be (1 - 7/3)/(8/(-198840)). Is (1/(-4)*1)/((-5)/v) composite?
False
Let b(d) = 2*d**3 + d**2 - 3*d - 5. Let p(y) = -2*y**3 + 5*y**3 + 3*y**2 - 2*y**3 + 0*y**3 + 4. Let x be p(-3). Is b(x) prime?
True
Let y(n) = 1243*n - 234. Is y(7) a prime number?
True
Let q = -240 - -451. Suppose q = b - 0*n + 3*n, -633 = -3*b + 5*n. Is b composite?
False
Let j(m) = m**3 + m**2 - 2*m + 37. Suppose -4*y + 2*n - 5 + 1 = 0, 2*n - 4 = -5*y. Is j(y) a prime number?
True
Let g = 23 + -16. Suppose -3*s - 1516 = -g*s. Is s a composite number?
False
Let q be 5*(153/(-12))/(15/(-64)). Let i = -13 + q. Is i prime?
False
Suppose 0 = 5*k + 4 - 19. Is 130 + (-2 + k - 4) prime?
True
Suppose -5621 = -2*j + d + 8269, 3*j - d = 20837. Is j composite?
False
Let t be 67 + -3 + (0 - -5). Let a be -1 - 3 - (4 + -11). Suppose -138 - t = -a*r. Is r a composite number?
True
Let w be 3 - 8/(8/(-1989)). Suppose -j + w = j. Suppose 3*r = 2*x + j - 165, 4*x - 554 = -2*r. Is r composite?
False
Let q be (8 + -7)/(1 + (-430)/431). Suppose 11*v + q = 10408. Is v prime?
True
Suppose 6*z - 16 - 2 = 0. Suppose -4*s + p = -734 - 1174, -4*s = -z*p - 1900. Is s composite?
True
Let i(y) = 3*y**3 + 5*y**2 + 4106. Let p(n) = n**3 + 2*n**2 + 2053. Let o(s) = -2*i(s) + 5*p(s). Is o(0) a composite number?
False
Suppose 6*x = 17*x - 11341. Is x composite?
False
Let x = 1012 - 434. Is (x/(-8))/((-8)/32) a composite number?
True
Let m(s) = -s**3 + 12*s**2 - 9*s - 12. Let t be m(11). Is t - 9 - (0 + -556) composite?
False
Let a(n) = n**2 - 7*n + 8. Let x be a(4). Let g = x - -187. Is g composite?
True
Let u(d) = -d + 12. Let p be u(3). Suppose 1255 = p*x - 4*x. Is x composite?
False
Let w = -5 + 19. Suppose -5*v + 2*v = x - w, 5*x = 5*v - 50. Is ((-78)/(-9))/(v/45) a prime number?
False
Let y be (9/((-72)/(-368)))/(2/260). Suppose -2*d = 0, 142 + y = 2*f + d. Is f composite?
False
Suppose -4*d + n + 2228 = -293, 0 = -2*d + 5*n + 1247. Is d a prime number?
True
Let q(y) be the first derivative of 79*y**2/2 + 3*y + 4. Is q(8) a prime number?
False
Let i = 5844 - 2237. Is i composite?
False
Is 555384/200 + 4/50 composite?
False
Suppose -6*p = -0*p + 132. Let a(f) = -f**3 - 4*f**2 - 2*f - 2. Let t be a(-5). Is p/11*t/(-2) prime?
False
Suppose 0 = 4*h - 31441 - 174579. Is h prime?
False
Let t = -109 + 266. Suppose r - t = 174. Is r composite?
False
Let u = 26 - 23. Suppose 4*h - 731 = 4*q - 5*q, u*h = 4*q - 2962. Is q prime?
True
Suppose p - 3*c - 10792 + 2726 = 0, 0 = -4*p - 4*c + 32216. Is p a composite number?
True
Let m(h) = 4*h - 7. Let g be m(3). Let f = -1 + g. Suppose 0 = -0*d + f*d - 276. Is d a composite number?
True
Suppose -22*d + 589600 = 98274. Is d composite?
True
Let z = 274 - -20. Let n = z - 151. Is n a composite number?
True
Suppose 2472 = -3*q + 6*q. Let g = -411 + q. Is g composite?
True
Let w(g) = -16*g + 15. Let m(p) = 16*p - 15. Suppose 2*s - 23 = 5*a, -5*s + 20 = -9*a + 4*a. Let y(x) = a*m(x) - 4*w(x). Is y(-7) a composite number?
False
Let k be (-12 - -13)/(94/(-48) + 2). Suppose 3